Suppose 0 = 4*j - 12, -3*m + j - 4*j = -54. List the prime factors of m.
3, 5
Let k(m) = -m**3 - 5*m**2 + 6*m + 5. Let u = 15 - 21. List the prime factors of k(u).
5
Let i be 2/(-4)*4/(-2). Let y be 5/10*(-8)/i. Let d = y + 21. What are the prime factors of d?
17
Let x(f) = 5*f**3 - f**2 + 4. Let g be x(3). Suppose -5*c = -0*c - g. List the prime factors of c.
2, 13
Let g(k) = k + 4. Let q be g(-3). Suppose a - 4*u + q = -3*u, 4*u - 12 = 0. What are the prime factors of 2/(16/(-9) + a)?
3
Let y = -409 + 593. List the prime factors of y.
2, 23
Let g be ((-8)/(-6))/((-6)/(-9)). Let t(h) = -5*h**g + 3 - h**3 - 4*h + 9*h + 3. List the prime factors of t(-6).
2, 3
Let i = -549 - -770. What are the prime factors of i?
13, 17
Let r(f) = -f**3 + 7*f**2 + 3*f - 10. Let m be r(7). Suppose -2*c + 5 = -m. List the prime factors of c.
2
Let t(d) = 29*d**2 - 11*d - 3. What are the prime factors of t(-2)?
3, 5
Suppose -c = 5*r - 105, -2*r + 0*r + c + 35 = 0. What are the prime factors of r?
2, 5
Let n(l) = -2*l**3 - 15*l**2 - l + 4. Let d(i) = -3*i**3 - 30*i**2 - 2*i + 9. Let g(h) = -3*d(h) + 5*n(h). List the prime factors of g(15).
2
Suppose -20 = -4*z - z. List the prime factors of (-1)/z + 411/12.
2, 17
Let b(d) = d**3 - 10*d**2 + 10*d + 7. Let w = 10 + -1. Let t be b(w). Suppose -4*k - t = 0, -u + 32 = 3*u - 3*k. What are the prime factors of u?
5
Suppose -4*k = -3*q + 47 - 8, -4*k = 3*q + 57. Let o = k + 5. Let d = o + 16. What are the prime factors of d?
3
Let t(i) = i + 6. What are the prime factors of t(6)?
2, 3
Let t(w) = -w**3 - 4*w**2 + 3*w + 1. Let v be t(-5). Let k = -6 + v. What are the prime factors of k?
5
Let d be (54 - 2)*(-1)/2. Let v = 37 + d. List the prime factors of v.
11
Suppose -4*t + 0*t = -w - 19, 9 = 4*w + t. Let r = -2 + w. List the prime factors of (12 - (r + 3))/2.
5
Let u be (-8 - 2/1)/(-2). Let r(m) = 3*m**3 - 3*m**3 - 4*m**3 + 6 - 2*m**2 + u*m**3 - 7*m. What are the prime factors of r(4)?
2, 5
Let z(g) = -g**2 + 72. What are the prime factors of z(0)?
2, 3
What are the prime factors of 1287/8 - 7/(-56)?
7, 23
Suppose 0*l - l = 35. Let u = l - -25. Let p(f) = f**3 + 10*f**2 - 2*f - 8. List the prime factors of p(u).
2, 3
Let h(l) = 2*l**3 - 5*l**2 + 9*l - 18. What are the prime factors of h(5)?
2, 19
Suppose l + 0*n = 3*n + 24, 0 = l + 4*n - 3. Let a = 25 - l. What are the prime factors of a?
2, 5
Let y be 4/6*(-57)/(-2). Suppose 0 = -2*f + y - 3. List the prime factors of f.
2
Let t(q) = 0*q**3 - 5 - 3 - 8*q**2 + 11*q + q**3. What are the prime factors of t(7)?
2, 5
Suppose 0*l = -l + 6. Let d = 10 - l. Suppose 5*b - d*b + z - 8 = 0, 0 = -2*b - 3*z + 21. What are the prime factors of b?
3
Let l = 4 + -4. Let b = 15 + l. List the prime factors of b.
3, 5
Let x(p) = p**3 + 4*p**2 + 2*p. Let s be x(-2). Suppose -s*c = c. Suppose -2 = -4*f + 2*o - c*o, 7 = -f + 3*o. What are the prime factors of f?
2
Let h = 50 + -21. What are the prime factors of h?
29
Let c(m) = 3*m + 2. Let h = 65 - 46. Suppose -i + 4 = n, 4*n - h = -3*i - 2*i. What are the prime factors of c(i)?
11
Let k = 223 - -23. List the prime factors of k.
2, 3, 41
Suppose -33 - 47 = -5*v. Suppose -14 = -5*y + v. List the prime factors of y.
2, 3
Let a be 3/4 - 66/(-8). Suppose a = 2*n - 15. List the prime factors of -9*(n/(-9))/2.
2, 3
Let f be (5 + 1)*2/(-4). Let p = 7 + f. Suppose 7 = p*h - 25. What are the prime factors of h?
2
Let f(d) = 19*d**3 - 1. What are the prime factors of f(1)?
2, 3
Suppose -448 = -4*g + 2*t, 3*g - 30 = 5*t + 306. List the prime factors of g.
2, 7
Let v = -59 - -121. List the prime factors of v.
2, 31
Let x = 286 - 113. What are the prime factors of x?
173
Suppose -3*s = 5*q - 540, 240 + 84 = 3*q + 5*s. What are the prime factors of q?
2, 3
Let s(o) = o. Let z be s(-4). Let m = 1 + z. Let c(j) = -j**2 - 3*j + 2. What are the prime factors of c(m)?
2
Let a be (2 - 1)/((-3)/(-12)). Suppose 24 = a*z - 2*z. List the prime factors of z.
2, 3
Let q(n) be the second derivative of -5*n**3/2 - 5*n**2/2 + 5*n. List the prime factors of q(-2).
5
Let x be (-5)/10*-19*10. Suppose 0 = y + 4*y - x. What are the prime factors of y?
19
What are the prime factors of 35/(-7)*(-68)/10?
2, 17
Let g be (14/(-6))/((-2)/(-6)). Let p(j) = j**2. Let l(s) = -s**3 - 12*s**2 - 4*s + 8. Let a(m) = -l(m) - 4*p(m). What are the prime factors of a(g)?
13
Suppose 9 + 11 = 4*c. Suppose 0*t - 5*t + 25 = -4*d, -2*d - 25 = -c*t. What are the prime factors of t?
5
Suppose 0 = -i, -z = -2*z - 2*i + 31. Suppose 2*x - z = -7. What are the prime factors of x?
2, 3
Let j(f) = -f**2 + 27*f - 39. List the prime factors of j(17).
131
Let l(a) = -a**2 + 4*a - 2. Let f be l(3). Suppose -q = -f - 6. Let d = q + -5. What are the prime factors of d?
2
Let o(c) = c**3 - 8*c**2 + 10*c - 16. List the prime factors of o(7).
5
Let p(w) = w**2 - 5*w - 19. Let t be p(8). Let f(r) = r + 7. List the prime factors of f(t).
2, 3
Suppose 0 = -5*c + c + 104. Let t = -33 - -49. Let m = c - t. List the prime factors of m.
2, 5
List the prime factors of 23*(-2 - (-2 - 2)/1).
2, 23
Let a(i) = 11 + 10 - i**2 - 5*i - 11 - i. Suppose 3*b = b - 2*w - 18, -4*b + 4*w = 20. What are the prime factors of a(b)?
3
Suppose 5*h - 47 = 18. What are the prime factors of h?
13
Let d(o) = o**2 - 4*o + 4. Let x = -2 - -7. Let r be d(x). Let t(a) = -a**3 + 10*a**2 - 8*a + 1. List the prime factors of t(r).
2, 5
Let s be (-2)/(-14) + (-3016)/91. List the prime factors of 6/s - (-1194)/33.
2, 3
Let l = 68 - 24. Suppose m - z - l = -3*m, -4*z = -5*m + 44. List the prime factors of m.
2, 3
List the prime factors of ((-68)/(-6))/(3/9).
2, 17
List the prime factors of 4 - -1 - (-29 + -5).
3, 13
Suppose -5*r - l + 16 = -3*l, 0 = r + 3*l - 10. Suppose -20 = -t + r. List the prime factors of t.
2, 3
Let a = -70 - -124. Let l = a + -12. What are the prime factors of l?
2, 3, 7
Suppose 12 = -5*f - 23. Let t(c) = -2*c**2 - 9*c + 14. Let i(g) = g**2 + 4*g - 7. Let h(k) = 5*i(k) + 3*t(k). What are the prime factors of h(f)?
7
Let h(t) = t**3 - 6*t**2 - 5*t - 9. Let y be h(7). Let z = y - 1. What are the prime factors of 24/(-4)*z/(-6)?
2
Let q be 9 + -11 - -1*2. Suppose q = 3*w + w - 8, 0 = 3*o - 4*w - 10. List the prime factors of o.
2, 3
Suppose o - 12 = 5. Let x = -15 + o. What are the prime factors of x?
2
Let f(w) = -w**3 + 14*w**2 + 17*w - 6. Let r be (-15)/(-18)*-3*-6. What are the prime factors of f(r)?
2, 3
Suppose 3*t + 4*d - 17 = 0, -t = 4*d - d - 9. Let p be -1*2 + t + -2. List the prime factors of 6 + 2 + p + 0.
7
Let g(i) = -4*i - 1. What are the prime factors of g(-20)?
79
Suppose 0 = -i + 269 + 41. List the prime factors of i.
2, 5, 31
List the prime factors of (-5)/(-10)*104 - -4.
2, 7
Let g be -1*(3 + -6 - -22). Let c = g + 11. Let k = c + 10. What are the prime factors of k?
2
Let w(x) = x**2 - x - 2. Let t be w(-2). List the prime factors of (34/2)/(5 - t).
17
Let x(y) = -21*y. Suppose -d = -l + 1, 0*l + 3*l - 7 = d. Suppose -2*c = f - d + 8, -3*c - 11 = 2*f. What are the prime factors of x(c)?
3, 7
Let p(f) = -f - 7. Let r be p(12). Let b = r + 38. List the prime factors of b.
19
Let m be 4/12*(9 + 0). Suppose 41 = 4*n - o, m*n - 15 = 2*n + 5*o. Suppose 5*z + 5*v - 35 = 0, 2*v = -z - 0*v + n. What are the prime factors of z?
2
Suppose 14 + 6 = 5*v. Suppose -i = -3*c - 38, -4*c - 34 = -v*i + 78. What are the prime factors of i?
23
Let v = -5 - -8. Let a(j) = 2 + v*j**2 - 6 - 2*j**2. List the prime factors of a(3).
5
Let k(m) = m**3 - m**2 - 3*m - 3. What are the prime factors of k(4)?
3, 11
Let k(x) = -x + 9. Suppose 6*q - 18 = 3*q. Let n be k(q). Let i = 1 + n. List the prime factors of i.
2
Let l(u) = u**2 + 2*u + 2. Let z be l(-2). Suppose 3 = -z*g + 11. Suppose 3*t + 5 = m, 2*m - 10 = t + g*t. List the prime factors of m.
5
Let j = 121 - 76. Suppose 0 = -4*l - l + j. List the prime factors of l.
3
Suppose -2*t = -t + r - 5, 8 = t + 2*r. List the prime factors of t - 3/((-3)/2).
2
Suppose -3*z - 111 = -5*f, -z + 0*z - 2 = 0. Let p = f + -1. What are the prime factors of p?
2, 5
Let v be 8/36 + 140/18. Let a(p) = 1 + 6*p + v*p**2 + 2 - 6*p**2. What are the prime factors of a(-5)?
23
Let a(r) = r**2 + r - 4. Let z be a(-3). Suppose 6 = 2*h - z. What are the prime factors of h?
2
Let t(s) = 10*s - 15. Let q be t(8